3*l + 14 = 41. What are the prime factors of l?
3
Let k = 65 + -35. Suppose -2*g + 20 = 4*x, -2*x = -0*g + 3*g - k. What are the prime factors of g?
2, 5
Suppose -11*f = -7*f - 448. What are the prime factors of f?
2, 7
Let i be 1*-12*(-1 - 1). Let y(q) = -q - 2. Let u be y(-7). Suppose -u*w + g + i = 0, -2*w + 11 + 0 = g. List the prime factors of w.
5
Let n(x) = x**2 - x + 1. Let s be n(0). Let z(b) = b + 1. What are the prime factors of z(s)?
2
Let f(j) = -2*j**3 + j**3 + 5*j**2 - 6*j**2 + j + 12*j**2 - 7. What are the prime factors of f(11)?
2
List the prime factors of 3 + -7 - -181 - -4.
181
Let q(f) = -11*f**2 - 17*f + 9. Let z(l) = -5*l**2 - 8*l + 4. Let x(p) = -6*q(p) + 13*z(p). What are the prime factors of x(6)?
2, 11
Suppose 285 - 20 = -5*y. Let z = y - -81. What are the prime factors of z?
2, 7
Let k(r) = -3*r**2 + 4*r - 6. Let q be k(4). Let j = -23 - q. What are the prime factors of 1/(-2) + j/2?
7
Suppose -3*s + 6*s = 6. List the prime factors of 520/56 + s/(-7).
3
Let p(o) = o + 6*o + 5*o - 4 - o**2 - 5*o. List the prime factors of p(4).
2
Let t(k) = -k**2 - 6*k + 4. Let x = 7 - 13. Let n be t(x). Let f(s) = s**2 - 4. List the prime factors of f(n).
2, 3
Suppose 13*p - 303 = 451. List the prime factors of p.
2, 29
Let h(a) = -4*a**2 + 4*a - 2. Let q be h(2). Let i = q + 16. List the prime factors of i.
2, 3
Let a be (-216)/(-20) - 1/(-5). Suppose -d - 2 = -a. What are the prime factors of d?
3
What are the prime factors of 29 + -5 + 4/2?
2, 13
What are the prime factors of 12/(-10)*((-1086)/18 + -3)?
2, 19
Let a(w) = -8*w + 8. What are the prime factors of a(-3)?
2
Suppose 2*x - 13 = -33. Let y = x - -24. List the prime factors of y.
2, 7
Suppose 0 = -0*x - 4*x + 5*o + 477, 3*x - 3*o - 360 = 0. What are the prime factors of x?
3, 41
List the prime factors of 66/(-77)*14/(-3).
2
Let z = 6 - 3. Suppose -3*p - 15 = -3*h + 2*p, -2*h + 29 = z*p. What are the prime factors of h?
2, 5
Suppose 4*t - 7 + 3 = 0, 2*t = 4*k - 6. Suppose k*f = -2*a - 14, -40 - 9 = 2*f - 5*a. Let w = 22 + f. What are the prime factors of w?
2, 5
Let p(x) be the second derivative of 1/2*x**2 + 0 + 2/3*x**3 + 1/12*x**4 - 2*x. List the prime factors of p(-5).
2, 3
Let p(r) = 4*r - 2. Suppose 11*q - 6*q - 10 = 0. What are the prime factors of p(q)?
2, 3
Let j(u) = u**3 - 2*u**2 - 3*u - 4. Let p be j(3). Let y = p + 6. Suppose 27 = 2*r - k, y*k + 10 = r - 2*k. What are the prime factors of r?
2, 7
Suppose -2*d = -a + 49 + 14, 60 = a - 5*d. What are the prime factors of a?
5, 13
Suppose 5*w - 4*y - 12 = 0, -w + 5*y = -0 + 6. Suppose 5*u - c = -0*u + 43, -35 = -3*u - w*c. What are the prime factors of 42/u + (-4)/6?
2
Suppose 5*s - 31 = -2*o, 3 = 2*s + s. Suppose o = 2*x - 19. Suppose -6 = 5*m - x. What are the prime factors of m?
2
Let b be 10/2 - (-3 - -1). Suppose 0 = 2*y - b*y + 150. Suppose -3*c + 4*c + y = 5*i, 0 = -i - 3*c + 22. List the prime factors of i.
7
Let j(s) = -7*s**2 - s + 2. Let y be j(-2). Let k be 0/1 + 1*2. What are the prime factors of 1 + y/(k - 5)?
3
Let h(g) = g**3 + 3*g**2 + g + 2. Let f be h(-3). Suppose 3*v = -4*t + 1, -2*v - 1 = -7. List the prime factors of (f + 0/3)*t.
2
Let y(t) be the second derivative of t**4/12 - t**3/6 - 3*t**2 + 7*t. List the prime factors of y(5).
2, 7
List the prime factors of (-2)/(0 + (-8)/44).
11
What are the prime factors of 21/14*(-40)/(-6)?
2, 5
Suppose x + 0 - 1 = 0. Let j be x*(14 - -1) - 0. Let p = j - 7. What are the prime factors of p?
2
Let d(o) = -2*o**3 + 9*o**2 - 2*o - 8. Let c(w) = 3*w**3 - 10*w**2 + 3*w + 9. Let q(x) = 3*c(x) + 4*d(x). List the prime factors of q(-5).
3, 5
Let t = 87 - -64. What are the prime factors of t?
151
Suppose -3*r = -a - 113, 8*r - 4*r + 4*a - 156 = 0. List the prime factors of r.
2, 19
Let k(a) = a - 6. Let x be k(6). Suppose 4*d - 72 = 4*s, 0 = 2*d - x*d - s - 35. List the prime factors of d.
17
Let v(l) = l**3 + 8*l**2 + 6*l + 2. Let w be v(-7). Suppose -3 = 5*x + 7. Let o = w - x. What are the prime factors of o?
11
Suppose -58 = 3*f - n + 6*n, -5*f - 86 = 3*n. What are the prime factors of 9/(-3) - -3 - f?
2
Suppose -4*r - 2 = -2*c - 10, 2*r = -c. List the prime factors of 3/c*176/(-33).
2
Let j(d) = d**2 - 12*d + 3. Let z(s) = -s**2 + 13*s - 4. Let r(u) = -5*j(u) - 4*z(u). What are the prime factors of r(5)?
2
Suppose 0*y - 18 = -3*y. List the prime factors of ((-32)/y)/((-4)/6).
2
Let z = 11 - -3. Suppose 0*h + z = -2*h - 4*r, 4*h - 32 = 4*r. Let t(q) = -q**3 + 4*q**2 - q. List the prime factors of t(h).
2, 3
Suppose 0 = 5*c - 2*c - 12. Let s(u) be the second derivative of u**4/12 - u**3/2 - u**2 - 13*u. What are the prime factors of s(c)?
2
Suppose 4*g = 3*o - 3, -g + 10 + 18 = 5*o. What are the prime factors of ((-9)/2)/(g/(-4))?
2, 3
Let w(g) = -1. Let t(l) = l + 1. Let k(z) = -2*t(z) - w(z). What are the prime factors of k(-6)?
11
Let s(w) = -w**2 + 6*w - 5. Let b be s(4). Suppose -q = -5*v + b*q + 44, 16 = 2*v - 2*q. What are the prime factors of v?
2, 3
Let k = 17 - 13. Suppose 18 + k = 4*c - x, 2*x = c - 9. What are the prime factors of c?
5
Suppose 0 = -5*r + 6 + 9. Suppose -9 - 24 = -r*w. List the prime factors of w.
11
Let a(n) = -n**3 + n**2 - n + 56. What are the prime factors of a(0)?
2, 7
Let i(u) = -u + 1. Let f be i(-4). Suppose 4*c + 7 - 27 = 0. Suppose 2*w - 25 = -c*s - 8, 0 = -2*s - f*w + 11. List the prime factors of s.
3
Suppose 6*i - i - 310 = 0. What are the prime factors of i?
2, 31
What are the prime factors of (-1)/(2*(-4)/688)?
2, 43
Suppose -4*h = 2*s - 2, 0 = -3*h + 5*s - 2*s + 24. List the prime factors of 12/h - (-47)/1.
3, 17
List the prime factors of 3 - (-19)/((-3)/(-3)).
2, 11
Suppose 0 = 2*b - 0 - 6, b + 2 = f. Suppose 0 = 5*n + 2*v, -2*v - v = -f*n. Suppose c + n*c - 5 = 0. What are the prime factors of c?
5
Let r(y) = -y**2 - 7*y - 4. Let m be r(-6). Suppose -2*p = -m*n + 46, -25 = 2*p - p - 3*n. Let g = p - -32. What are the prime factors of g?
2, 5
List the prime factors of (8/16)/((-1)/(-68)).
2, 17
Let i be ((-88)/(-20))/(1/(-5)). Let m = i + 53. What are the prime factors of m?
31
Suppose -d = -5*k + 48, 4*k + 0*d - 30 = 5*d. What are the prime factors of (90/25)/(4/k)?
3
Suppose -34 = -6*j + 4*j. What are the prime factors of j?
17
Suppose 5*j - 15 = 4*a + 48, -5*j = -15. Let w be a/54 + 47/9. Suppose -4*r = 5*u - 62, 0 = -w*r - 8 + 23. What are the prime factors of u?
2, 5
Suppose -4*k + k = -9. Suppose -k*g = -2*g - 2. Suppose -4*z = g*j - 44, -7 = -z + j - 2. What are the prime factors of z?
3
Suppose -4*c = 12, -5*c - 5 = 2*m - 0*c. Suppose m*x = -27 - 18. Let o(u) = -u - 6. List the prime factors of o(x).
3
Let p be 0 - (-2 + 1 - 1). Suppose 0*r = -p*r + 26. What are the prime factors of r?
13
Let g be (18/4)/(9/(-48)). What are the prime factors of (-3)/(-2)*g/(-9)?
2
Suppose q + 8 = 33. Let h = 43 - q. List the prime factors of h.
2, 3
Let c = 54 + -3. What are the prime factors of c?
3, 17
Let n = 352 - 179. List the prime factors of n.
173
Suppose j - 30 = -p + 2, 3*p + 4*j = 94. What are the prime factors of p?
2, 17
Let i(c) = c**3 + c**2 - 9*c - 11. List the prime factors of i(5).
2, 47
Suppose -26*y + 756 = -22*y. What are the prime factors of y?
3, 7
Let c be ((-7)/3)/(1/(-3)). Suppose c = -b - y, -y - 33 = 3*b - 4*y. Let n(o) = -o - 2. What are the prime factors of n(b)?
7
What are the prime factors of (-1)/2 + (-7)/((-14)/529)?
2, 3, 11
Suppose 0 = w - 10*w + 54. List the prime factors of w.
2, 3
Let f = 10 - 9. List the prime factors of f/(-5) - (-161)/5.
2
Let w(l) = 4 + l**3 - l + 6*l**2 + 2 + 2*l**2. Let c be w(-8). Let h = c - 5. What are the prime factors of h?
3
Suppose -3*b + 7 + 5 = 0, z - 3*b = 18. List the prime factors of z.
2, 3, 5
Let v(b) be the second derivative of -b**3/6 - b. Let f = 19 - 21. List the prime factors of v(f).
2
Suppose -17 + 2 = -5*z. Suppose -2*f = 3*l + 21, -z*f - 2 = -2*l - 3. Let a(h) = h**3 + 4*h**2 + 3*h + 3. What are the prime factors of a(f)?
3
Let x = 15 + 47. List the prime factors of x.
2, 31
Suppose -v = 2*v - 9, 3*c + 2*v - 123 = 0. What are the prime factors of (6/(-9))/((-1)/c)?
2, 13
Suppose 0 = -4*g - 4*p + 360, 0*p + 5*p + 108 = g. What are the prime factors of g?
3, 31
What are the prime factors of (-4)/3 - 236/(-6)?
2, 19
Let m = 1 + -6. Let o 